est common divisor of n and h.
31
Let v be -6 + (0 - 6) + 1700. Suppose 0 = 2*z + 4*d - v, 0 = 5*z - 4*d - 1875 - 2401. Calculate the highest common divisor of z and 12.
12
Let d be (6/7)/((-1)/(-42)). Suppose -75*t = -77*t + 20. Let m = 14 + t. What is the highest common factor of d and m?
12
Suppose 13*m = 17*m + 3*f - 4093, -6*m + 3*f + 6147 = 0. Calculate the highest common factor of 64 and m.
64
Suppose 0 = -5*o - 4*g + 23 + 130, 2*o - 2*g - 54 = 0. Let u be ((-29)/(-4) + 0)/((-90)/(-1080)). What is the greatest common factor of o and u?
29
Suppose 1081 = -3*o + 2*h + 12507, -19044 = -5*o + 3*h. What is the greatest common divisor of 30 and o?
30
Let m = -2858 + 2952. What is the greatest common factor of 6016 and m?
94
Suppose 3248*o - 5952 = 3224*o. Calculate the highest common factor of o and 808.
8
Suppose -6*w + 383 = -157. Suppose -2*q = -5*t + w, 5*t + 5*q + 11 - 66 = 0. Calculate the greatest common factor of t and 208.
16
Let o be (-1 - -8 - -167)*2/4. Let b be (-1)/(-6) - (o/(-18) + 0). Suppose b*z - 6*s + s = 25, z - 5*s + 7 = 0. Calculate the highest common factor of 2 and z.
2
Suppose 0 = -v + 5*v - 5 - 43. What is the greatest common divisor of v and 2472?
12
Let r(l) = 737*l + 8677. Let u be r(-11). What is the greatest common factor of u and 300?
30
Let t(g) be the first derivative of -g**4/4 - 10*g**3/3 + 7*g**2/2 + 18*g - 321. Let q be t(-11). Calculate the highest common divisor of q and 465.
31
Suppose 2781 = 5*x + 3*s, 7*x = 10*x - s - 1677. Let m = x - -142. Calculate the greatest common divisor of 14 and m.
14
Let w(a) = 37*a + 2932. Let c be w(-79). Calculate the greatest common divisor of c and 1119.
3
Suppose -5*i + 3*f + 159 = 0, -2*i + 3*f - 83 = -134. Let h = -1849 + 1184. Let n = 989 + h. What is the greatest common factor of i and n?
36
Let t(u) = 2*u**3 - 11*u**2 + 19*u - 25. Let n be t(7). Let y be -2 + n/12 - 75/60. What is the greatest common divisor of y and 78?
6
Let c be (-13 - -14)*(-323 - 0) - -4. Let o = c + 366. What is the highest common factor of 752 and o?
47
Let g be 5 + 737/21 - 2*2/42. What is the greatest common factor of g and 7160?
40
Let h(u) = -u**3 - 17*u**2 - 87*u - 16. Let v be h(-14). Calculate the greatest common factor of v and 2.
2
Let t(u) = -u**3 + u**2 + 4*u - 4. Let p be t(-4). Suppose -352*x + 72 = -5208. What is the greatest common divisor of p and x?
15
Let s be -3*((-242)/(-33))/22 + (0 - -65). What is the greatest common divisor of s and 8352?
32
Let s = -3429 + 4281. Calculate the greatest common divisor of s and 36.
12
Suppose -i + 5*i - 3093 = -5*j, 4*i = 8. Suppose 9*t - 247 - j = 0. What is the highest common factor of 12 and t?
12
Let s = 29052 - 28026. What is the highest common divisor of 4902 and s?
114
Suppose -3*n - 15 = 0, 4*n + 1 = h - 19. Suppose h = 19*r + 11*r - 390. What is the highest common factor of r and 208?
13
Suppose -p + 4*j + 11 = 0, -2*p - 5*j - 33 = -6*p. Let l = 0 - -9. Let n be 6/l - (-166)/3. Calculate the highest common divisor of p and n.
7
Let r(m) = 18*m + 108. Let x be r(0). Suppose -4*b - 212 = -6*b. Suppose 5*c = -o + 130, -2*c - c + 5*o = -b. What is the highest common factor of x and c?
27
Suppose 0 = 166*g - 30031 - 79573 + 11332. Calculate the greatest common divisor of 1104 and g.
16
Suppose -2*g + 118 = 26. Suppose -6*o = -5*o - 4*s - 3, 0 = -4*o - s + g. Calculate the greatest common divisor of o and 979.
11
Suppose -6*w + 119 = 69 - 52. Let b be (-759)/(-15) - (-4)/10. What is the highest common divisor of w and b?
17
Let u(g) = 2*g**2 - 44*g - 2428. Let j be u(58). What is the greatest common factor of j and 69?
23
Let y = -3590 - -4924. Calculate the greatest common divisor of y and 46.
46
Let d = -2 + 13. Suppose -21*q = -d - 73. Let t be -3 + q + -1 + 96. Calculate the highest common divisor of 64 and t.
32
Let d(j) = -2193*j + 2*j**3 - 3*j**3 + 2197*j + j**2 + 7. Let a be d(-2). Let g = 101 - 57. What is the greatest common factor of a and g?
11
Suppose 3*s + 8 = -b, 2*s - 18 = -b - 3*b. Let c = b - 4. Suppose 0 = c*i - 10 - 8. What is the greatest common divisor of i and 3?
3
Suppose 60 = -k + 6*k. Let c(d) = -d**3 - 6*d**2 + 16*d + 53. Let w be c(-7). Let y be -1 - 64/w - (-30)/50. Calculate the greatest common divisor of y and k.
6
Let m = 13950 - 11725. Calculate the highest common divisor of m and 89.
89
Let u be 100/(-40)*44/(-10). Suppose -u*m + 148 = -116. Calculate the highest common factor of m and 64.
8
Let g be 22/(-77) + 352/7. Let a = 373 + -353. Calculate the greatest common factor of g and a.
10
Suppose -13*y + 219*y - 16302 - 100500 = 0. What is the greatest common divisor of 336 and y?
21
Suppose -9*n - 237 - 303 = 0. Let l be (-90)/n + (-1)/2. Let b be (-12*(5 + -3))/(l/(-2)). Calculate the greatest common factor of 72 and b.
24
Let l = 63 - -25. Let x(m) = 2*m - 14. Let o be x(-29). Let r = o + l. What is the highest common divisor of r and 16?
16
Let v be (84/(-63))/(10/3) - (-12921)/15. Calculate the highest common factor of v and 1968.
123
Let c(u) = -156*u + 540. Let i be c(0). Calculate the highest common factor of i and 1755.
135
Let q(r) = 2 - 2*r**2 + 28*r - 8*r + 14 + r**2. Let t be q(21). Let y be 1*(-549)/t + (-1)/(-5). Calculate the greatest common divisor of 44 and y.
22
Let c be ((-7)/7)/(1*(-2)/6). Suppose 0 = c*s - 256 - 344. Suppose s = 6*i - i. What is the greatest common factor of i and 440?
40
Let u(h) be the first derivative of 2*h**2 + 10*h + 13. Let l be u(-4). Let j be l/(-8) - 1323/(-108). What is the greatest common factor of j and 39?
13
Let z(p) = p**3 - 13*p**2 + 81*p - 272. Let i be z(7). What is the greatest common divisor of 66 and i?
1
Let u = 222 + -219. Let q(l) = -l**3 + 19*l**2 - 24*l + 5. Let p be q(17). Suppose 6*n - p = 23. Calculate the highest common divisor of u and n.
3
Suppose -7 = -13*a + 6*a. Let g = 34 - 2. Calculate the greatest common divisor of g and a.
1
Let b = -74 + 76. Suppose -14 = 3*c + o - 125, -b*c = o - 73. Suppose 5*h = c - 8. Calculate the highest common factor of h and 18.
6
Let w(f) = 7*f - 17. Suppose 9*m - 36 = -9. Let v be w(m). Calculate the greatest common divisor of 9 and v.
1
Let q = 2723 + -1890. Calculate the highest common divisor of 147 and q.
49
Let v(u) = -u**3 + 79*u**2 - 43*u + 348. Let q be v(78). Calculate the highest common factor of 912 and q.
114
Let q(c) = c**3 + 91*c**2 - 288*c - 403. Let j be q(-93). What is the greatest common divisor of j and 2051?
293
Let p be (-7)/21*-14223 - 10/2. Suppose 0 = 12*c - 4*c - p. What is the highest common divisor of c and 32?
16
Suppose v = -2*u + 177, -14 = 2*v - 4*u - 400. Let n = v - -190. What is the highest common factor of n and 15?
15
Suppose -40*d + 21342 = -11778. Calculate the highest common divisor of 144 and d.
36
Let s(f) = 17*f**2 + 31*f + 8. Let p(h) = h**3 - 8*h**2 + 2*h + 28. Let c be p(7). Let g be s(c). What is the highest common divisor of 39 and g?
39
Let h be 44 - 2/(-4)*2. Suppose 8970*g + o = 8967*g + 123, -2*o = 3*g - 111. What is the greatest common factor of h and g?
45
Let t be 148 - 2*5/(-10). Let z = 80 - t. Let y = -56 - z. What is the highest common divisor of 39 and y?
13
Let r(m) = m**2 + 19*m - 87. Let l be r(-24). Let j = -64 - -196. What is the greatest common factor of l and j?
33
Let h be (-4074)/(-16) + ((-25)/(-24) - (-122)/(-183)). What is the greatest common factor of 105 and h?
15
Let y = 452 + -436. Suppose 4*c - 1063 = 153. What is the greatest common factor of c and y?
16
Suppose 2*w - 74 = 9*q - 10*q, 0 = -7*q - 3*w + 529. What is the highest common divisor of 1615 and q?
19
Let h(n) = -5*n + 1. Let g be (-2)/(-4)*-4 + -2. Let o be h(g). Suppose 2*k - o = 45. Calculate the greatest common factor of k and 231.
33
Let c = -113 - -180. Suppose 2*g - 21 - c = 0. Suppose -47*r + 126 = -g*r. Calculate the highest common divisor of 168 and r.
42
Let m(t) = 3*t**2 + 2*t. Let l be m(7). Suppose z = -5, 2*j - 4*z = -j + l. Calculate the highest common divisor of 94 and j.
47
Let p(h) = 98*h**3 + 3*h**2 - 4*h - 16. Let m be p(4). Calculate the highest common factor of m and 24.
24
Let m = -27414 - -27486. Calculate the greatest common divisor of m and 23724.
36
Suppose 2*m + 60 = 5*k, -13*k + m = -9*k - 48. Let w = 15 - k. What is the highe